ors of j.
373
Suppose 106*c - 108*c + 22519 = 3*h, 2*h = 4*c + 14986. List the prime factors of h.
3, 41, 61
Let a = 1510 + 10800. What are the prime factors of a?
2, 5, 1231
Let h(z) = -z**2 - z + 46. Let u be h(6). Suppose 2*q = 5*q - 4*j - 1044, 4*q = -u*j + 1364. What are the prime factors of q?
2, 43
Suppose 6 = 11*s - 9*s. Let r(g) = g**2 + 4*g - 6. Let m be r(s). Suppose 5*n = 6*n - m. List the prime factors of n.
3, 5
Suppose -72*v = -429024 - 5784. List the prime factors of v.
3, 11, 61
Let n be (-22)/(-10) - 2/10. Suppose 11 = 9*x + n. What are the prime factors of (15/(-6))/(x/(-12))?
2, 3, 5
Let d = 18686 + 2414. What are the prime factors of d?
2, 5, 211
Let c = -1521 + 2837. Let t = c - 920. Suppose 0 = -7*v + t + 654. List the prime factors of v.
2, 3, 5
Let k(x) = 3*x**3 + 16*x**2 + 4*x - 11. Let c be k(-5). What are the prime factors of 1*(c + 5)*-771?
3, 257
Let i = 56 + -52. Suppose -2*r - i*r = -r. Suppose 0*s - 2*s - 5*y = -38, 5*s + 3*y - 57 = r. List the prime factors of s.
3
List the prime factors of 2 + (-32)/14 + 2/((-14)/(-12959)).
3, 617
Suppose 0 = 63*d + 6343 - 267037. What are the prime factors of d?
2, 2069
Suppose -71*r + 419758 = -1519749. List the prime factors of r.
59, 463
Suppose -12*a = 2*a - 224. Suppose -5*z = 0, 2*l - 4044 = 3*z - 1236. Suppose -l = -a*n + 7*n. What are the prime factors of n?
2, 3, 13
Let q(i) = 31 - 13 + 5*i**2 - 14 - 9. Suppose 0*x - 4*x + 16 = -a, 3*a = -3*x + 27. List the prime factors of q(x).
2, 3, 5
Suppose -5*b - 60 = -3*p, -8 = -p - b + 4. Let f be (4 + 0 - 3)*p. Suppose t = 56 - f. What are the prime factors of t?
41
Suppose j = -2*u + 35, -u + 2*j + 4 + 1 = 0. Suppose -20*l - 20 = -u*l. Let f = 67 + l. What are the prime factors of f?
3, 7
Suppose 54*f - 677 = 295. Let c be 6/(-9)*33*-1. Suppose c*m - 972 = f*m. List the prime factors of m.
3
Suppose 5*x + 14 = -p, 5*x = 4*p - 6*p - 13. What are the prime factors of (692/10)/(p/5)?
2, 173
Let v = -13122 - -14011. List the prime factors of v.
7, 127
Suppose -3*z - v = -65, 3*z - v = -0 + 55. What are the prime factors of (-4)/(z/(-8135)) - 16/(-8)?
3, 181
Let v be (-1 + 1)/((-1)/(-1)) + 60. Let j = v + -56. Suppose 0 = -j*t + 3*i - 6*i + 165, 4*i - 38 = -t. List the prime factors of t.
2, 3, 7
Let y be ((-14)/5 + 2)/((-2)/10). Suppose a = 2*t + 124, -2*t - 352 = -y*a + a. Suppose 0 = 4*o - 6*o + a. What are the prime factors of o?
3, 19
Suppose -396 = 4*k + 2*k. Let c = k - -38. Let s = c + 83. What are the prime factors of s?
5, 11
Suppose 84*t - 27247 = 73*t. What are the prime factors of t?
2477
Let o(m) = -m**2 - 5*m + 21. Let q be o(-7). Suppose q*w - w = 48. Suppose 389 + 211 = w*k. What are the prime factors of k?
3, 5
Let w be (-9)/(-6)*2 + -108. Let n be (-3 + 6/(-8))/(3/6492). List the prime factors of 2/(-7) + n/w.
7, 11
Let f = -23581 + 54969. List the prime factors of f.
2, 7, 19, 59
Suppose 0 = -381*a + 354*a + 330264. List the prime factors of a.
2, 11, 139
Suppose -2*b + 5*t = -3*b, 2*t - 8 = -2*b. Suppose 5*x = k + 189, b*k - 17 = -x - 0*k. Suppose d + x = 143. List the prime factors of d.
2, 53
Suppose -6*o - 33 = -4*y - o, 4 = -3*y - 2*o. Let c(p) = -13*p**y + p**3 + p + 19 + p + 13*p - 1. What are the prime factors of c(13)?
3, 71
Let h(t) = -9*t - 54 - 18*t + 12*t. List the prime factors of h(-19).
3, 7, 11
Let p(w) = -32*w + 70. Let g be p(7). List the prime factors of (g + -6)*10/(-8).
2, 5
Let v(y) = -2*y**3 + 203*y**2 + 233*y - 140. What are the prime factors of v(101)?
2, 3, 11, 509
Let n be 653*1/5 + 20/50. Suppose 2*v - p = 274, -p + 0*p + n = v. Suppose 37*t = 34*t + v. What are the prime factors of t?
3, 5
Let c be (-2 - 6 - -4)*-662 - 5. Suppose 2*w - 2*v - 2262 = 0, -2*w - v + c = 366. What are the prime factors of w?
2, 71
Let i be (0 - 3) + 5 + 2. Suppose -i*y + 5*y = 5*s + 5, -5 = -y - 2*s. Suppose 6*v - y = 103. List the prime factors of v.
2, 3
Let m = 19980 - 8552. What are the prime factors of m?
2, 2857
Let d = 141 + -141. Suppose d = 8*w - 15*w + 4228. List the prime factors of w.
2, 151
Let y(l) = 887*l + 221. Let d be y(12). List the prime factors of d/106 - 6/4.
101
Let a be 111/(-6)*(-52)/2. Let s = -181 + a. What are the prime factors of s?
2, 3, 5
Let y(s) = 6*s + 6. Let c be y(-2). Let g(j) = -2*j**3 - 9*j**2 - 8*j - 10. List the prime factors of g(c).
2, 73
What are the prime factors of (-6 - (-25)/5)/(6/(-27078))?
4513
Suppose 0 = 199*r - 201*r - 5*i + 22034, -i + 55131 = 5*r. List the prime factors of r.
11027
Suppose 7*p + 38134 = 53*p. Let b = p + -653. What are the prime factors of b?
2, 11
Let d be -602*5/(30/3) - 4. Let p = 842 + d. List the prime factors of p.
3, 179
Let k = -3838 - -9788. What are the prime factors of k?
2, 5, 7, 17
Suppose -7*j + 4*j = 4*i - 46, 4 = -2*j. Suppose 294 = i*x - 10*x. What are the prime factors of x?
2, 7
Suppose 4*t - 6 = t. Let b be 2 + -3 + -1 + t. Suppose 5*m - 525 + 135 = b. List the prime factors of m.
2, 3, 13
Let p be (-252)/(-3)*(-5)/(-3 + -12). Suppose -p*c + 22279 - 8727 = 0. What are the prime factors of c?
2, 11
Let u(f) be the first derivative of 6*f + 8/3*f**3 + f**2 - 1/4*f**4 - 5. List the prime factors of u(8).
2, 11
Let p be 4756/5 - (-36)/(-30). Suppose 0 = 2*t - 4*n - p, -3*n + 85 = -3*t + 1501. List the prime factors of t.
7, 67
Suppose 144*i - 5021847 - 576496 = 434537. List the prime factors of i.
3, 5, 7, 19
Let t(w) = -2*w**3 + w**2 + 4*w. Let p be t(2). What are the prime factors of (25/((-400)/(-17076)))/((-3)/p)?
1423
Let x(j) = 59*j**2 + 66*j - 19. What are the prime factors of x(-11)?
2, 23, 139
Suppose 0 = 3*p + 4*q - 39981, -7 + 7 = 2*q. What are the prime factors of p?
13327
Let j(k) = 29*k**2 - 6*k - 70. List the prime factors of j(12).
2, 2017
Suppose -48*p + 41*p + 4*l + 36227 = 0, -3*p + 3*l = -15531. List the prime factors of p.
7, 739
What are the prime factors of (1125/180)/(2/6344)?
5, 13, 61
Suppose 0*q + 20 = -5*q. Suppose -81*c = -79*c - 6. List the prime factors of (-68)/(-2)*(q + c + 2).
2, 17
Suppose 3*z - d = 2*z, 2*z - 4*d = -6. Let l(a) = -2 - 5 - 61*a - z. What are the prime factors of l(-2)?
2, 7
List the prime factors of (-1)/(2/(-31678)) - 3105/(-621).
2, 17, 233
Suppose -3*p - 11 + 2 = 3*s, 3*s + 17 = p. Suppose -p*r - 4*x + 27 + 13 = 0, 4*x - 12 = 0. What are the prime factors of 1414/r*(0 - -1)?
101
Suppose 5*x - 18 = -r - 0, -22 = -5*x + r. Suppose -207 = 8*z - 11*z. Suppose z - 289 = -x*w. List the prime factors of w.
5, 11
What are the prime factors of 10*(-9 - 3350/(-20))?
5, 317
Let r(f) = 95*f**2 - 14*f + 4. Let d(x) = -96*x**2 + 15*x - 4. Let g(h) = 2*d(h) + 3*r(h). What are the prime factors of g(1)?
5, 17
Suppose 20 = -4*c + 8. List the prime factors of (-5 + -583)*3/9*c.
2, 3, 7
Let a(q) = -1554*q + 7991. List the prime factors of a(0).
61, 131
Let i be 667 + (-8)/16*6. Let z = 1232 - i. What are the prime factors of z?
2, 71
Let t(r) = 3819*r**2 + 33*r + 62. List the prime factors of t(-2).
2, 23, 83
Let z = 3342 - 2244. Suppose -2*f + z = 4*f. List the prime factors of f.
3, 61
Suppose 0 = 3*f - 37*v + 38*v - 4794, v = 4*f - 6406. What are the prime factors of f?
2, 5
Let g be (396/8)/(2/(-12)). Let h = g - -209. Let c = -85 - h. List the prime factors of c.
3
Suppose -107285 = -14*p - 22*p + 49027. List the prime factors of p.
2, 13, 167
Suppose 97573 - 5322 = 12*x - 34337. What are the prime factors of x?
7, 11, 137
Let a(m) = -12*m - 80. Let l be a(-5). What are the prime factors of 194 - ((-5)/(-20) + 45/l)?
2, 7
Let l(a) = a**3 + 39*a**2 + 102*a + 86. List the prime factors of l(-27).
2, 5, 19
Suppose -5*f - 830*j = -833*j - 4386, -5*j + 894 = f. What are the prime factors of f?
3, 293
Let j = -47 - -47. Let n = j - 0. Suppose n = -2*f + 6 + 186. List the prime factors of f.
2, 3
Suppose -4*s - 73*y + 74*y = 376, 4*s - 4*y + 364 = 0. List the prime factors of (s/38)/((1/(-14))/1).
5, 7
What are the prime factors of (-351)/(-156) + ((-1317303)/4)/(-13)?
3, 5, 563
Let v(o) = -5*o + 1. Let w be 3 + 2/(-3) + (-174)/(-18). Let k be v(w). Let g = 117 + k. List the prime factors of g.
2, 29
Let x = 1753 - -1221. Suppose 8*q + 2385 = 4*p + 3*q, -q + x = 5*p. List the prime factors of p.
5, 7, 17
Suppose 3*d = -3*s + 137457, 229074 = 5*d - 45*s + 47*s. List the prime 